{"id":17,"date":"2013-03-06T22:18:49","date_gmt":"2013-03-06T20:18:49","guid":{"rendered":"http:\/\/stiggi.de\/nfk\/?page_id=17"},"modified":"2025-06-20T10:43:03","modified_gmt":"2025-06-20T09:43:03","slug":"impressum","status":"publish","type":"page","link":"https:\/\/www.naturfreunde-kornwestheim.de\/nf\/impressum\/","title":{"rendered":"Impressum\/Datenschutzerkl\u00e4rung"},"content":{"rendered":"<p align=\"left\"><strong><span style=\"font-family: Arial,Helvetica,sans-serif; font-size: small;\">NaturFreunde Ortsgruppe Kornwestheim e.V.<\/span><\/strong><span style=\"font-family: Arial,Helvetica,sans-serif; font-size: small;\"><br \/>\nVerband f\u00fcr Umweltschutz, sanften Tourismus, Sport und Kultur<br \/>\nBebelstra\u00dfe 31<br \/>\n70806 Kornwestheim<br \/>\nTel. 0 71 54 \/ 22772<br \/>\n<a href=\"mailto:thomas.grund@arcor.de\">walter.specht1950@gmail.com<\/a><br \/>\n<a href=\"http:\/\/www.naturfreunde-kornwestheim.de\/index.html\" target=\"_self\" rel=\"noopener noreferrer\">www.naturfreunde-kornwestheim.de<\/a><\/span><\/p>\n<p align=\"left\"><strong><span style=\"font-family: Arial,Helvetica,sans-serif; font-size: small;\"> Vorstandsgremium:<\/span><\/strong><\/p>\n<p align=\"left\"><span style=\"font-family: Arial,Helvetica,sans-serif; font-size: small;\"><br \/>\nWalter Specht, Bebelstra\u00dfe 31, 70806 Kornwestheim, Tel. 07154\/22772<br \/>\nRegistergericht: Amtsgericht Ludwigsburg<br \/>\nRegisternr.: VR 272<\/span><\/p>\n<h5>Technische Unterst\u00fctzung<br \/>\nbest.image media service<br \/>\nCornelius Schuttack<br \/>\nAm Briel 59<br \/>\n78467 Konstanz<br \/>\n<a title=\"best.image media service\" href=\"http:\/\/www.bestimage.de\" target=\"_blank\" rel=\"noopener noreferrer\">www.bestimage.de<\/a><\/h5>\n<p>&nbsp;<\/p>\n<p align=\"left\"><span style=\"font-family: Arial,Helvetica,sans-serif; font-size: small;\"> Haftungsausschuss:<br \/>\nAlle Angaben ohne Gew\u00e4hr. Die <strong>NaturFreunde Ortsgruppe Kornwestheim e.V.<\/strong> \u00fcbernimmt keine Haftung f\u00fcr Irrt\u00fcmer oder Vollst\u00e4ndigkeit. F\u00fcr die Inhalte der gefunden Angebote \u00fcber Links (direkt oder indirekt) sind die jeweiligen Betreiber verantwortlich. Die <strong>NaturFreunde Ortsgruppe Kornwestheim e.V.<\/strong> beh\u00e4lt sich das Recht vor, ohne vorherige Ank\u00fcndigung Ver\u00e4nderungen der bereitgestellten Informationen vorzunehmen. <\/span><\/p>\n<p><span style=\"font-family: Arial,Helvetica,sans-serif; font-size: small;\">Wichtiger Hinweis!<br \/>\nMit Urteil vom 12. Mai 1998 hat das Landgericht Hamburg entschieden, da\u00df man durch die Anbringung eines Links, die Inhalte der gelinkten Seite ggf. mit zu verantworten hat. Dies kann, so das LG, nur dadurch verhindert werden, indem man sich ausdr\u00fccklich von diesen Inhalten distanziert. Wir habe auf unseren Seiten Links zu anderen Seiten im Internet angebracht. F\u00fcr alle diese Links gilt: Wir erkl\u00e4ren ausdr\u00fccklich, dass wir keinerlei Einflu\u00df auf die Gestaltung und die Inhalte der gelinkten Seiten haben. Deshalb distanzieren wir uns hiermit ausdr\u00fccklich von allen Inhalten, aller auf unserer Homepage gelinkten Seiten und machen uns diese Inhalte nicht zu Eigen. Diese Erkl\u00e4rung gilt f\u00fcr alle auf der Homepage angezeigten Links und f\u00fcr alle Inhalte der Seiten, zu denen die bei uns angemeldeten Banner und Links f\u00fchren.<\/span><\/p>\n<p><span style=\"font-family: Arial,Helvetica,sans-serif; font-size: small;\">Rechte:<br \/>\nBestimmte Namen, Firmenzeichen, Designs, Titel, W\u00f6rter oder Phrasen auf diesen Seiten k\u00f6nnen eingetragene Warenzeichen, Gebrauchsmuster oder Handelsbezeichnungen sein, die in bestimmten Jurisdiktionen registriert sein k\u00f6nnen. Weitergabe und Vervielf\u00e4ltigung dieser Seiten oder von Teilen daraus sind, zu welchem Zweck und in welcher Form auch immer, ohne die ausdr\u00fcckliche schriftliche Genehmigung durch die <strong>NaturFreunde Ortsgruppe Kornwestheim e.V.<\/strong> bzw. den jeweilgen Inhaber der Rechte nicht gestattet.<\/span><\/p>\n<p><span style=\"font-family: Arial,Helvetica,sans-serif; font-size: small;\">Vorschl\u00e4ge und Anregungen an: Claus Kilgus ickilgus@gmx.de <\/span><\/p>\n<p>Datenschutzerkl\u00e4rung (DS-GVO):<br \/>\nWir freuen uns, dass Sie unsere Homepage besuchen und bedanken uns f\u00fcr Ihr Interesse. Wir m\u00f6chten, dass Sie sich beim Besuch unserer Internet-Seiten wohl f\u00fchlen und daher ist uns der Schutz Ihrer Privatsph\u00e4re und der Schutz Ihrer privaten Daten von h\u00f6chster Bedeutung und das Einhalten der gesetzlichen Bestimmungen zum Datenschutz f\u00fcr uns selbstverst\u00e4ndlich. Im Folgenden m\u00f6chten wir Ihnen kurz darstellen, wie wir Ihre Daten sch\u00fctzen und was es f\u00fcr Sie bedeutet.<\/p>\n<p><span style=\"font-family: Arial,Helvetica,sans-serif; font-size: small;\">&#8211; Zugriffsdaten<br \/>\nGrunds\u00e4tzlich k\u00f6nnen Sie unsere Online-Pr\u00e4sentation ohne Offenlegung Ihrer pers\u00f6nlichen Daten nutzen. Durch das Aufrufen unserer Website werden von Ihrem Browser folgende Daten an unseren Websurfer \u00fcbermittelt und gespeichert:<br \/>\n* Browsertyp\/ -version<br \/>\n* Hostname des zugreifenden Rechners (IP Adresse)<br \/>\n* verwendetes Betriebssystem<br \/>\n* Referrer URL (die zuvor besuchte Seite)<br \/>\n* Uhrzeit der Serveranfrage.<br \/>\n* die von Ihnen besuchte Seiten<br \/>\n* \u00fcbertragene Datenmenge<br \/>\n* Zugriffsstatus (Datei \u00fcbertragen, Datei nicht gefunden etc.)<br \/>\nDiese Daten lassen im Regelfall keine Identifizierung zu, sind also nicht personenbezogen. Es findet auch keine personenbezogene Nutzung dieser Daten statt. Diese anonymisierte Datens\u00e4tze werden von uns ausschlie\u00dflich zu statistischen Zwecken und zur Verbesserung unserer Homepage verwendet. <\/span><\/p>\n<p><span style=\"font-family: Arial,Helvetica,sans-serif; font-size: small;\">&#8211; Personenbezogene Daten<br \/>\nPersonenbezogene Daten sind Informationen, die explizit genutzt werden, um Ihre Identit\u00e4t festzustellen. Darunter fallen Informationen wie z.B. Ihr Name, Ihre Post- oder E-Mail-Adresse. Personenbezogene Daten werden von uns zus\u00e4tzlich zu den Zugriffsdaten nur dann gespeichert, wenn Sie uns diese freiwillig, z.B. im Rahmen einer Kontaktanfrage oder zur Durchf\u00fchrung einer Onlinebestellung bzw. Onlineauftrages angeben.<br \/>\nWir sind um alle notwendigen technischen und organisatorischen Sicherheitsma\u00dfnahmen bem\u00fcht, um Ihre personenbezogenen Daten so zu speichern, dass sie weder Dritten noch der \u00d6ffentlichkeit zug\u00e4nglich sind. Sollten Sie mit uns per Email in Kontakt treten wollen, so weisen wir Sie darauf hin, dass bei diesem Kommunikationsweg die Vertraulichkeit der \u00fcbermittelten Informationen nicht vollst\u00e4ndig gew\u00e4hrleistet werden kann. Wir empfehlen Ihnen daher, uns vertrauliche Informationen ausschlie\u00dflich pers\u00f6nlich oder \u00fcber den Postweg zukommen zu lassen.<\/span><\/p>\n<p><span style=\"font-family: Arial,Helvetica,sans-serif; font-size: small;\">&#8211; Nutzung und Weitergabe personenbezogener Daten<br \/>\nSoweit Sie uns personenbezogene Daten zur Verf\u00fcgung gestellt haben, verwenden wir diese ausschlie\u00dflich zur Erf\u00fcllung Ihrer W\u00fcnsche und Anforderungen, insbesondere zur Abwicklung des mit Ihnen geschlossenen Vertrags oder zur Beantwortung Ihrer Anfrage. Eine Weitergabe, ein Verkauf oder sonstige \u00dcbermittlung Ihrer personenbezogenen Daten an Dritte erfolgt nicht, es sei denn, dass<br \/>\n* dies zum Zwecke der Vertragsabwicklung erforderlich ist.<br \/>\n* Sie zuvor eingewilligt haben.<br \/>\nSie haben das Recht, eine solche Einwilligung mit Wirkung f\u00fcr die Zukunft jederzeit zu widerrufen.<br \/>\nDie L\u00f6schung der personenbezogenen Daten erfolgt,<br \/>\n* wenn Sie Ihre Einwilligung zur Speicherung widerrufen.<br \/>\n* wenn ihre Kenntnis zur Erf\u00fcllung des mit der Speicherung verfolgten Zwecks nicht mehr erforderlich ist.<br \/>\n* ihre Speicherung aus sonstigen gesetzlichen Gr\u00fcnden unzul\u00e4ssig ist. <\/span><\/p>\n<p><span style=\"font-family: Arial,Helvetica,sans-serif; font-size: small;\">&#8211; Auskunftsrecht<br \/>\nAuf schriftliche Anfrage werden Sie von uns gerne dar\u00fcber informiert, welche Daten wir \u00fcber Ihre Person (z. B. Name, Adresse, Telefonnummer, Geburtsdatum) gespeichert haben.<\/span><\/p>\n<p><span style=\"font-family: Arial,Helvetica,sans-serif; font-size: small;\">&#8211; Aktive Inhalte (z.B. Javascript, ActiveX, Flash)<br \/>\nAuf unseren Internet-Seiten k\u00f6nnen Java-Applets, Active-X-Controls und Java-Script verwendet werden die ausf\u00fchrende Elemente enthalten k\u00f6nnen. Diese Steuerelemente dienen ausschlie\u00dflich zur Erh\u00f6hung der Funktionalit\u00e4t und zur Erleichterung der Navigation auf unsere Webseite. Falls Sie sich aus Sicherheitsgr\u00fcnden diese Hilfsprogramme bzw. aktiven Inhalte nicht nutzbar machen wollen, sollten Sie die entsprechende Einstellung Ihres Browsers deaktivieren. Wir sind bem\u00fcht, dass unsere Webseiten auch ohne diese Hilfsprogramme ohne nennenswerte Einschr\u00e4nkungen navigierbar bleiben.<\/span><\/p>\n<p><span style=\"font-family: Arial,Helvetica,sans-serif; font-size: small;\">&#8211; Cookies<br \/>\nIn der Regel werden auf unseren Internetseiten keine Cookies verwendet. Cookies sind kleine Textdateien, die auf Ihrem Rechner abgelegt werden und die Ihr Browser speichert. In wenigen Ausnahmef\u00e4llen (Sonderaktionen, Gewinnspielen) k\u00f6nnte es aus technischen Gr\u00fcnden dringend erforderlich werden, Cookies auf einzelnen Seiten zu verwenden, in diesem Fall handelt es sich dann aber ausschlie\u00dflich um so genannte \u201eSession-Cookies&#8220; die nach Ende Ihres Besuchs automatisch gel\u00f6scht werden. Cookies richten auf Ihrem Rechner keinen Schaden an und enthalten keine Viren. Wenn Sie nicht w\u00fcnschen, dass auf Ihrem Computer Cookies gespeichert werden, stellen Sie Ihren Internetbrowser bitte so ein, dass er Cookies von Ihrer Computerfestplatte l\u00f6scht, alle Cookies blockiert oder Sie warnt, bevor ein Cookie gespeichert wird. In diesem Fall k\u00f6nnen wir allerdings nicht zusichern, dass Sie dann alle unsere Angebote ohne Einschr\u00e4nkung nutzen k\u00f6nnen.<\/span><\/p>\n<p><span style=\"font-family: Arial,Helvetica,sans-serif; font-size: small;\">&#8211; Links<br \/>\nAuf unseren Seiten finden Sie Verweise (Links) zu externen, fremden Internetseiten. Wir habe keinerlei Einfluss auf den Inhalt und die Gestaltung dieser Seiten anderer Anbieter &#8211; diese Webseiten unterliegen der Haftung der jeweiligen Betreiber. Die Garantien dieser Datenschutzerkl\u00e4rung gelten daher selbstverst\u00e4ndlich dort nicht.<br \/>\nWir habe bei der erstmaligen Verkn\u00fcpfung der externen Links die fremden Inhalte auf etwaige Rechtsverst\u00f6\u00dfe \u00fcberpr\u00fcft und es waren keine ersichtlich. Auf die aktuelle und zuk\u00fcnftige Gestaltung und auf die Inhalte der verkn\u00fcpften Seiten haben wir keinen Einfluss. Das Setzen von externen Links bedeutet nicht, dass wir die hinter dem Verweis oder Link liegenden Inhalte zu Eigen machen. Eine st\u00e4ndige Kontrolle dieser externen Links ist f\u00fcr uns ohne konkrete Hinweise auf Rechtsverst\u00f6\u00dfe nicht zumutbar. Bei Kenntnis von Rechtsverst\u00f6\u00dfen werden jedoch derartige externe Links unverz\u00fcglich gel\u00f6scht.<\/span><\/p>\n<p><span style=\"font-family: Arial,Helvetica,sans-serif; font-size: small;\">&#8211; Vorbehalt<br \/>\nIm Zuge der Weiterentwicklung unserer Internet-Seiten und der Implementierung neuer Technologien k\u00f6nnen auch \u00c4nderungen dieser Datenschutzerkl\u00e4rung erforderlich werden. Daher empfehlen wir Ihnen, sich diese Datenschutzerkl\u00e4rung ab und zu erneut durchzulesen.<\/span><\/p>\n<p align=\"left\"><span style=\"font-family: Arial,Helvetica,sans-serif; font-size: small;\">&#8211; Weitere Informationen<br \/>\nIhr Vertrauen ist uns wichtig. Daher m\u00f6chten wir Ihnen jederzeit Rede und Antwort bez\u00fcglich der Verarbeitung Ihrer personenbezogenen Daten stehen. Wenn Sie Fragen haben, die Ihnen diese Datenschutzerkl\u00e4rung nicht beantworten konnte oder wenn Sie zu einem Punkt vertiefte Informationen w\u00fcnschen, so k\u00f6nnen Sie sich gerne jederzeit an uns wenden.<\/span><\/p>\n","protected":false},"excerpt":{"rendered":"<p>NaturFreunde Ortsgruppe Kornwestheim e.V. Verband f\u00fcr Umweltschutz, sanften Tourismus, Sport und Kultur Bebelstra\u00dfe 31 70806 Kornwestheim Tel. 0 71 54 \/ 22772 walter.specht1950@gmail.com www.naturfreunde-kornwestheim.de Vorstandsgremium: Walter Specht, Bebelstra\u00dfe 31, 70806 Kornwestheim, Tel. 07154\/22772 Registergericht: Amtsgericht Ludwigsburg Registernr.: VR 272 Technische &hellip; <a href=\"https:\/\/www.naturfreunde-kornwestheim.de\/nf\/impressum\/\">Weiterlesen <span class=\"meta-nav\">&rarr;<\/span><\/a><\/p>\n","protected":false},"author":4,"featured_media":0,"parent":0,"menu_order":80,"comment_status":"closed","ping_status":"closed","template":"","meta":{"ngg_post_thumbnail":0,"footnotes":""},"class_list":["post-17","page","type-page","status-publish","hentry"],"_links":{"self":[{"href":"https:\/\/www.naturfreunde-kornwestheim.de\/nf\/wp-json\/wp\/v2\/pages\/17","targetHints":{"allow":["GET"]}}],"collection":[{"href":"https:\/\/www.naturfreunde-kornwestheim.de\/nf\/wp-json\/wp\/v2\/pages"}],"about":[{"href":"https:\/\/www.naturfreunde-kornwestheim.de\/nf\/wp-json\/wp\/v2\/types\/page"}],"author":[{"embeddable":true,"href":"https:\/\/www.naturfreunde-kornwestheim.de\/nf\/wp-json\/wp\/v2\/users\/4"}],"replies":[{"embeddable":true,"href":"https:\/\/www.naturfreunde-kornwestheim.de\/nf\/wp-json\/wp\/v2\/comments?post=17"}],"version-history":[{"count":13,"href":"https:\/\/www.naturfreunde-kornwestheim.de\/nf\/wp-json\/wp\/v2\/pages\/17\/revisions"}],"predecessor-version":[{"id":4444,"href":"https:\/\/www.naturfreunde-kornwestheim.de\/nf\/wp-json\/wp\/v2\/pages\/17\/revisions\/4444"}],"wp:attachment":[{"href":"https:\/\/www.naturfreunde-kornwestheim.de\/nf\/wp-json\/wp\/v2\/media?parent=17"}],"curies":[{"name":"wp","href":"https:\/\/api.w.org\/{rel}","templated":true}]}}

Impressum/Datenschutzerklärung

<p align="left"><strong><span style="font-family: Arial,Helvetica,sans-serif; font-size: small;">NaturFreunde Ortsgruppe Kornwestheim e.V.</span></strong><span style="font-family: Arial,Helvetica,sans-serif; font-size: small;"><br />
Verband für Umweltschutz, sanften Tourismus, Sport und Kultur<br />
Bebelstraße 31<br />
70806 Kornwestheim<br />
Tel. 0 71 54 / 22772<br />
<a href="mailto:thomas.grund@arcor.de">walter.specht1950@gmail.com</a><br />
<a href="http://www.naturfreunde-kornwestheim.de/index.html" target="_self" rel="noopener noreferrer">www.naturfreunde-kornwestheim.de</a></span></p>
<p align="left"><strong><span style="font-family: Arial,Helvetica,sans-serif; font-size: small;"> Vorstandsgremium:</span></strong></p>
<p align="left"><span style="font-family: Arial,Helvetica,sans-serif; font-size: small;"><br />
Walter Specht, Bebelstraße 31, 70806 Kornwestheim, Tel. 07154/22772<br />
Registergericht: Amtsgericht Ludwigsburg<br />
Registernr.: VR 272</span></p>
<h5>Technische Unterstützung<br />
best.image media service<br />
Cornelius Schuttack<br />
Am Briel 59<br />
78467 Konstanz<br />
<a title="best.image media service" href="http://www.bestimage.de" target="_blank" rel="noopener noreferrer">www.bestimage.de</a></h5>
<p>&nbsp;</p>
<p align="left"><span style="font-family: Arial,Helvetica,sans-serif; font-size: small;"> Haftungsausschuss:<br />
Alle Angaben ohne Gewähr. Die <strong>NaturFreunde Ortsgruppe Kornwestheim e.V.</strong> übernimmt keine Haftung für Irrtümer oder Vollständigkeit. Für die Inhalte der gefunden Angebote über Links (direkt oder indirekt) sind die jeweiligen Betreiber verantwortlich. Die <strong>NaturFreunde Ortsgruppe Kornwestheim e.V.</strong> behält sich das Recht vor, ohne vorherige Ankündigung Veränderungen der bereitgestellten Informationen vorzunehmen. </span></p>
<p><span style="font-family: Arial,Helvetica,sans-serif; font-size: small;">Wichtiger Hinweis!<br />
Mit Urteil vom 12. Mai 1998 hat das Landgericht Hamburg entschieden, daß man durch die Anbringung eines Links, die Inhalte der gelinkten Seite ggf. mit zu verantworten hat. Dies kann, so das LG, nur dadurch verhindert werden, indem man sich ausdrücklich von diesen Inhalten distanziert. Wir habe auf unseren Seiten Links zu anderen Seiten im Internet angebracht. Für alle diese Links gilt: Wir erklären ausdrücklich, dass wir keinerlei Einfluß auf die Gestaltung und die Inhalte der gelinkten Seiten haben. Deshalb distanzieren wir uns hiermit ausdrücklich von allen Inhalten, aller auf unserer Homepage gelinkten Seiten und machen uns diese Inhalte nicht zu Eigen. Diese Erklärung gilt für alle auf der Homepage angezeigten Links und für alle Inhalte der Seiten, zu denen die bei uns angemeldeten Banner und Links führen.</span></p>
<p><span style="font-family: Arial,Helvetica,sans-serif; font-size: small;">Rechte:<br />
Bestimmte Namen, Firmenzeichen, Designs, Titel, Wörter oder Phrasen auf diesen Seiten können eingetragene Warenzeichen, Gebrauchsmuster oder Handelsbezeichnungen sein, die in bestimmten Jurisdiktionen registriert sein können. Weitergabe und Vervielfältigung dieser Seiten oder von Teilen daraus sind, zu welchem Zweck und in welcher Form auch immer, ohne die ausdrückliche schriftliche Genehmigung durch die <strong>NaturFreunde Ortsgruppe Kornwestheim e.V.</strong> bzw. den jeweilgen Inhaber der Rechte nicht gestattet.</span></p>
<p><span style="font-family: Arial,Helvetica,sans-serif; font-size: small;">Vorschläge und Anregungen an: Claus Kilgus ickilgus@gmx.de </span></p>
<p>Datenschutzerklärung (DS-GVO):<br />
Wir freuen uns, dass Sie unsere Homepage besuchen und bedanken uns für Ihr Interesse. Wir möchten, dass Sie sich beim Besuch unserer Internet-Seiten wohl fühlen und daher ist uns der Schutz Ihrer Privatsphäre und der Schutz Ihrer privaten Daten von höchster Bedeutung und das Einhalten der gesetzlichen Bestimmungen zum Datenschutz für uns selbstverständlich. Im Folgenden möchten wir Ihnen kurz darstellen, wie wir Ihre Daten schützen und was es für Sie bedeutet.</p>
<p><span style="font-family: Arial,Helvetica,sans-serif; font-size: small;">&#8211; Zugriffsdaten<br />
Grundsätzlich können Sie unsere Online-Präsentation ohne Offenlegung Ihrer persönlichen Daten nutzen. Durch das Aufrufen unserer Website werden von Ihrem Browser folgende Daten an unseren Websurfer übermittelt und gespeichert:<br />
* Browsertyp/ -version<br />
* Hostname des zugreifenden Rechners (IP Adresse)<br />
* verwendetes Betriebssystem<br />
* Referrer URL (die zuvor besuchte Seite)<br />
* Uhrzeit der Serveranfrage.<br />
* die von Ihnen besuchte Seiten<br />
* übertragene Datenmenge<br />
* Zugriffsstatus (Datei übertragen, Datei nicht gefunden etc.)<br />
Diese Daten lassen im Regelfall keine Identifizierung zu, sind also nicht personenbezogen. Es findet auch keine personenbezogene Nutzung dieser Daten statt. Diese anonymisierte Datensätze werden von uns ausschließlich zu statistischen Zwecken und zur Verbesserung unserer Homepage verwendet. </span></p>
<p><span style="font-family: Arial,Helvetica,sans-serif; font-size: small;">&#8211; Personenbezogene Daten<br />
Personenbezogene Daten sind Informationen, die explizit genutzt werden, um Ihre Identität festzustellen. Darunter fallen Informationen wie z.B. Ihr Name, Ihre Post- oder E-Mail-Adresse. Personenbezogene Daten werden von uns zusätzlich zu den Zugriffsdaten nur dann gespeichert, wenn Sie uns diese freiwillig, z.B. im Rahmen einer Kontaktanfrage oder zur Durchführung einer Onlinebestellung bzw. Onlineauftrages angeben.<br />
Wir sind um alle notwendigen technischen und organisatorischen Sicherheitsmaßnahmen bemüht, um Ihre personenbezogenen Daten so zu speichern, dass sie weder Dritten noch der Öffentlichkeit zugänglich sind. Sollten Sie mit uns per Email in Kontakt treten wollen, so weisen wir Sie darauf hin, dass bei diesem Kommunikationsweg die Vertraulichkeit der übermittelten Informationen nicht vollständig gewährleistet werden kann. Wir empfehlen Ihnen daher, uns vertrauliche Informationen ausschließlich persönlich oder über den Postweg zukommen zu lassen.</span></p>
<p><span style="font-family: Arial,Helvetica,sans-serif; font-size: small;">&#8211; Nutzung und Weitergabe personenbezogener Daten<br />
Soweit Sie uns personenbezogene Daten zur Verfügung gestellt haben, verwenden wir diese ausschließlich zur Erfüllung Ihrer Wünsche und Anforderungen, insbesondere zur Abwicklung des mit Ihnen geschlossenen Vertrags oder zur Beantwortung Ihrer Anfrage. Eine Weitergabe, ein Verkauf oder sonstige Übermittlung Ihrer personenbezogenen Daten an Dritte erfolgt nicht, es sei denn, dass<br />
* dies zum Zwecke der Vertragsabwicklung erforderlich ist.<br />
* Sie zuvor eingewilligt haben.<br />
Sie haben das Recht, eine solche Einwilligung mit Wirkung für die Zukunft jederzeit zu widerrufen.<br />
Die Löschung der personenbezogenen Daten erfolgt,<br />
* wenn Sie Ihre Einwilligung zur Speicherung widerrufen.<br />
* wenn ihre Kenntnis zur Erfüllung des mit der Speicherung verfolgten Zwecks nicht mehr erforderlich ist.<br />
* ihre Speicherung aus sonstigen gesetzlichen Gründen unzulässig ist. </span></p>
<p><span style="font-family: Arial,Helvetica,sans-serif; font-size: small;">&#8211; Auskunftsrecht<br />
Auf schriftliche Anfrage werden Sie von uns gerne darüber informiert, welche Daten wir über Ihre Person (z. B. Name, Adresse, Telefonnummer, Geburtsdatum) gespeichert haben.</span></p>
<p><span style="font-family: Arial,Helvetica,sans-serif; font-size: small;">&#8211; Aktive Inhalte (z.B. Javascript, ActiveX, Flash)<br />
Auf unseren Internet-Seiten können Java-Applets, Active-X-Controls und Java-Script verwendet werden die ausführende Elemente enthalten können. Diese Steuerelemente dienen ausschließlich zur Erhöhung der Funktionalität und zur Erleichterung der Navigation auf unsere Webseite. Falls Sie sich aus Sicherheitsgründen diese Hilfsprogramme bzw. aktiven Inhalte nicht nutzbar machen wollen, sollten Sie die entsprechende Einstellung Ihres Browsers deaktivieren. Wir sind bemüht, dass unsere Webseiten auch ohne diese Hilfsprogramme ohne nennenswerte Einschränkungen navigierbar bleiben.</span></p>
<p><span style="font-family: Arial,Helvetica,sans-serif; font-size: small;">&#8211; Cookies<br />
In der Regel werden auf unseren Internetseiten keine Cookies verwendet. Cookies sind kleine Textdateien, die auf Ihrem Rechner abgelegt werden und die Ihr Browser speichert. In wenigen Ausnahmefällen (Sonderaktionen, Gewinnspielen) könnte es aus technischen Gründen dringend erforderlich werden, Cookies auf einzelnen Seiten zu verwenden, in diesem Fall handelt es sich dann aber ausschließlich um so genannte „Session-Cookies&#8220; die nach Ende Ihres Besuchs automatisch gelöscht werden. Cookies richten auf Ihrem Rechner keinen Schaden an und enthalten keine Viren. Wenn Sie nicht wünschen, dass auf Ihrem Computer Cookies gespeichert werden, stellen Sie Ihren Internetbrowser bitte so ein, dass er Cookies von Ihrer Computerfestplatte löscht, alle Cookies blockiert oder Sie warnt, bevor ein Cookie gespeichert wird. In diesem Fall können wir allerdings nicht zusichern, dass Sie dann alle unsere Angebote ohne Einschränkung nutzen können.</span></p>
<p><span style="font-family: Arial,Helvetica,sans-serif; font-size: small;">&#8211; Links<br />
Auf unseren Seiten finden Sie Verweise (Links) zu externen, fremden Internetseiten. Wir habe keinerlei Einfluss auf den Inhalt und die Gestaltung dieser Seiten anderer Anbieter &#8211; diese Webseiten unterliegen der Haftung der jeweiligen Betreiber. Die Garantien dieser Datenschutzerklärung gelten daher selbstverständlich dort nicht.<br />
Wir habe bei der erstmaligen Verknüpfung der externen Links die fremden Inhalte auf etwaige Rechtsverstöße überprüft und es waren keine ersichtlich. Auf die aktuelle und zukünftige Gestaltung und auf die Inhalte der verknüpften Seiten haben wir keinen Einfluss. Das Setzen von externen Links bedeutet nicht, dass wir die hinter dem Verweis oder Link liegenden Inhalte zu Eigen machen. Eine ständige Kontrolle dieser externen Links ist für uns ohne konkrete Hinweise auf Rechtsverstöße nicht zumutbar. Bei Kenntnis von Rechtsverstößen werden jedoch derartige externe Links unverzüglich gelöscht.</span></p>
<p><span style="font-family: Arial,Helvetica,sans-serif; font-size: small;">&#8211; Vorbehalt<br />
Im Zuge der Weiterentwicklung unserer Internet-Seiten und der Implementierung neuer Technologien können auch Änderungen dieser Datenschutzerklärung erforderlich werden. Daher empfehlen wir Ihnen, sich diese Datenschutzerklärung ab und zu erneut durchzulesen.</span></p>
<p align="left"><span style="font-family: Arial,Helvetica,sans-serif; font-size: small;">&#8211; Weitere Informationen<br />
Ihr Vertrauen ist uns wichtig. Daher möchten wir Ihnen jederzeit Rede und Antwort bezüglich der Verarbeitung Ihrer personenbezogenen Daten stehen. Wenn Sie Fragen haben, die Ihnen diese Datenschutzerklärung nicht beantworten konnte oder wenn Sie zu einem Punkt vertiefte Informationen wünschen, so können Sie sich gerne jederzeit an uns wenden.</span></p>

<p>NaturFreunde Ortsgruppe Kornwestheim e.V. Verband für Umweltschutz, sanften Tourismus, Sport und Kultur Bebelstraße 31 70806 Kornwestheim Tel. 0 71 54 / 22772 walter.specht1950@gmail.com www.naturfreunde-kornwestheim.de Vorstandsgremium: Walter Specht, Bebelstraße 31, 70806 Kornwestheim, Tel. 07154/22772 Registergericht: Amtsgericht Ludwigsburg Registernr.: VR 272 Technische &hellip; <a href="https://www.naturfreunde-kornwestheim.de/nf/impressum/">Weiterlesen <span class="meta-nav">&rarr;</span></a></p>
